of 600 and 375.
75
Calculate the greatest common divisor of 5890 and 5.
5
Calculate the greatest common factor of 49 and 1.
1
What is the greatest common divisor of 21 and 14133?
21
Calculate the greatest common factor of 464 and 4524.
116
Calculate the greatest common divisor of 6 and 24.
6
Calculate the highest common factor of 33 and 429.
33
What is the highest common divisor of 32 and 6304?
32
Calculate the greatest common factor of 4 and 206.
2
What is the greatest common factor of 2640 and 55?
55
Calculate the highest common divisor of 6774 and 6.
6
What is the highest common divisor of 1066 and 26?
26
Calculate the greatest common factor of 9210 and 15.
15
What is the greatest common divisor of 192 and 93?
3
Calculate the greatest common factor of 13 and 72540.
13
Calculate the highest common factor of 71 and 1917.
71
What is the greatest common divisor of 22 and 53306?
22
What is the greatest common factor of 92 and 1748?
92
What is the highest common divisor of 198 and 231?
33
What is the greatest common factor of 280 and 224?
56
What is the highest common factor of 5052 and 24?
12
What is the greatest common divisor of 25 and 40?
5
What is the greatest common divisor of 1422 and 18?
18
Calculate the greatest common factor of 702 and 54.
54
What is the greatest common factor of 66 and 2046?
66
Calculate the greatest common divisor of 123 and 15334.
41
What is the highest common factor of 95 and 560?
5
What is the greatest common factor of 1253 and 7?
7
What is the greatest common divisor of 28 and 112?
28
What is the greatest common factor of 41 and 164?
41
What is the greatest common divisor of 176 and 32?
16
Calculate the highest common factor of 23 and 13685.
23
Calculate the greatest common divisor of 4 and 3028.
4
Calculate the greatest common factor of 126 and 4767.
21
Calculate the highest common factor of 112 and 84.
28
Calculate the greatest common divisor of 73 and 3139.
73
What is the highest common divisor of 884 and 39?
13
Calculate the highest common factor of 396 and 1908.
36
Calculate the highest common divisor of 44 and 418.
22
Calculate the highest common divisor of 277 and 11.
1
What is the highest common factor of 1750 and 14?
14
What is the highest common divisor of 8058 and 306?
102
Calculate the greatest common factor of 4646 and 46.
46
What is the highest common factor of 85 and 204?
17
Calculate the greatest common factor of 19 and 1957.
19
Calculate the highest common divisor of 8100 and 50.
50
What is the greatest common divisor of 96 and 3392?
32
Calculate the greatest common divisor of 8333 and 13.
13
Calculate the greatest common factor of 31 and 3503.
31
What is the greatest common divisor of 6 and 1083?
3
Calculate the greatest common factor of 1173 and 9.
3
Calculate the greatest common factor of 1072 and 603.
67
What is the highest common factor of 1 and 5?
1
What is the highest common divisor of 12 and 708?
12
What is the highest common factor of 10 and 1890?
10
What is the greatest common factor of 71 and 3905?
71
Calculate the highest common factor of 85 and 14705.
85
Calculate the highest common factor of 34 and 442.
34
Calculate the greatest common divisor of 189 and 14.
7
Calculate the greatest common divisor of 3 and 24.
3
What is the highest common divisor of 20 and 60740?
20
What is the highest common factor of 120 and 139080?
120
Calculate the greatest common factor of 8 and 20.
4
What is the greatest common divisor of 8352 and 144?
144
What is the greatest common factor of 2350 and 2?
2
What is the highest common factor of 47 and 9118?
47
What is the highest common factor of 30464 and 224?
224
What is the greatest common divisor of 330 and 8690?
110
What is the highest common divisor of 189 and 918?
27
Calculate the greatest common factor of 141 and 235.
47
What is the highest common divisor of 42 and 18?
6
Calculate the greatest common factor of 5 and 9085.
5
Calculate the greatest common factor of 468 and 2652.
156
Calculate the greatest common factor of 6838 and 52.
26
Calculate the highest common divisor of 12 and 6.
6
What is the greatest common divisor of 64 and 32?
32
What is the highest common divisor of 575 and 69?
23
What is the greatest common divisor of 24 and 4128?
24
What is the greatest common factor of 1023 and 99?
33
What is the highest common factor of 1606 and 154?
22
Calculate the greatest common divisor of 369 and 27.
9
Calculate the greatest common factor of 156 and 120.
12
Calculate the highest common factor of 169 and 13.
13
What is the greatest common factor of 210 and 5120?
10
What is the highest common divisor of 1256 and 8?
8
Calculate the highest common factor of 1045 and 220.
55
Calculate the greatest common divisor of 361 and 57.
19
What is the greatest common factor of 159 and 1378?
53
What is the greatest common divisor of 15 and 515?
5
Calculate the greatest common factor of 1296 and 16.
16
What is the highest common factor of 210 and 20?
10
Calculate the highest common factor of 84 and 357.
21
What is the highest common divisor of 58 and 2987?
29
What is the highest common factor of 24 and 112?
8
What is the highest common divisor of 692 and 3287?
173
What is the highest common factor of 3035 and 5?
5
Calculate the greatest common divisor of 98 and 1568.
98
What is the greatest common factor of 1316 and 28?
28
Calculate the highest common factor of 143 and 22.
11
What is the highest common factor of 1338 and 2?
2
What is the highest common factor of 136 and 3672?
136
Calculate the highest common factor of 63 and 144.
9
Calculate the highest common factor of 16 and 2896.
16
Calculate the highest common divisor of 172 and 10492.
172
Calculate the highest common factor of 381 and 9.
3
What is the highest common divisor of 612 and 1496?
68
Calculate the greatest common factor of 250 and 3625.
125
Calculate the greatest common factor of 69 and 667.
23
Calculate the greatest common factor of 65 and 520.
65
Calculate the highest common factor of 451 and 11.
11
What is the highest common divisor of 1394 and 2583?
41
Calculate the highest common divisor of 837 and 27.
27
What is the highest common factor of 182 and 91?
91
Calculate the greatest common divisor of 27 and 855.
9
Calculate the greatest common divisor of 955 and 10.
5
What is the greatest common divisor of 188 and 16?
4
Calculate the greatest common divisor of 1334 and 253.
23
Calculate the highest common factor of 528 and 561.
33
Calculate the highest common divisor of 55 and 2365.
55
What is the greatest common factor of 20 and 130?
10
What is the greatest common factor of 5340 and 120?
60
What is the greatest common divisor of 44 and 242?
22
What is the greatest common divisor of 143 and 52?
13
Calculate the greatest common factor of 122 and 2.
2
Calculate the greatest common factor of 90 and 4365.
45
Calculate the highest common divisor of 1023 and 186.
93
Calculate the highest common divisor of 120 and 320.
40
Calculate the highest common factor of 38 and 608.
38
What is the highest common divisor of 328 and 8?
8
What is the greatest common divisor of 162 and 891?
81
Calculate the greatest common factor of 16 and 256.
16
Calculate the greatest common divisor of 5 and 235.
5
Calculate the highest common factor of 16 and 2008.
8
Calculate the greatest common factor of 296 and 7252.
148
Calculate the highest common divisor of 7335 and 10.
5
Calculate the greatest common divisor of 15710 and 20.
10
Calculate the highest common factor of 4865 and 35.
35
Calculate the greatest common factor of 54 and 19386.
54
What is the greatest common factor of 1450 and 58?
58
What is the greatest common divisor of 215 and 172?
43
Calculate the highest common divisor of 8 and 3.
1
Calculate the greatest common factor of 28 and 4.
4
Calculate the highest common factor of 112 and 24.
8
What is the greatest common factor of 120 and 110?
10
Calculate the greatest common factor of 29 and 44.
1
Calculate the highest common factor of 4 and 16.
4
What is the greatest common factor of 126 and 35?
7
Calculate the highest common divisor of 71430 and 30.
30
Calculate the greatest common divisor of 1026 and 837.
27
What is the greatest common divisor of 99 and 36?
9
Calculate the greatest common factor of 438 and 13797.
219
W